units digit of 2678533?
3
What is the units digit of 203103?
3
What is the tens digit of 1868359?
5
What is the millions digit of 5352509?
5
What is the millions digit of 3521081?
3
What is the millions digit of 6858242?
6
What is the tens digit of 4329902?
0
What is the thousands digit of 321197?
1
What is the units digit of 574265?
5
What is the ten thousands digit of 37412?
3
What is the millions digit of 1348504?
1
What is the tens digit of 2532581?
8
What is the millions digit of 4858592?
4
What is the millions digit of 9989599?
9
What is the tens digit of 404245?
4
What is the hundreds digit of 258070?
0
What is the ten thousands digit of 119714?
1
What is the units digit of 480005?
5
What is the hundreds digit of 243238?
2
What is the hundreds digit of 13318361?
3
What is the thousands digit of 1170?
1
What is the millions digit of 26282823?
6
What is the units digit of 6335252?
2
What is the units digit of 2261619?
9
What is the thousands digit of 7040727?
0
What is the tens digit of 39067?
6
What is the ten thousands digit of 264521?
6
What is the hundred thousands digit of 194400?
1
What is the hundreds digit of 99563?
5
What is the hundreds digit of 497432?
4
What is the units digit of 3654687?
7
What is the hundreds digit of 31944?
9
What is the tens digit of 22138?
3
What is the tens digit of 206242?
4
What is the thousands digit of 1320?
1
What is the tens digit of 18963234?
3
What is the hundred thousands digit of 3172097?
1
What is the hundreds digit of 59955?
9
What is the ten thousands digit of 135973?
3
What is the units digit of 4308182?
2
What is the units digit of 720341?
1
What is the ten thousands digit of 3998882?
9
What is the units digit of 19900622?
2
What is the units digit of 162793?
3
What is the hundreds digit of 1185065?
0
What is the units digit of 152336?
6
What is the hundreds digit of 31163?
1
What is the hundred thousands digit of 777870?
7
What is the units digit of 264175?
5
What is the units digit of 9945713?
3
What is the hundreds digit of 4619081?
0
What is the hundred thousands digit of 1523762?
5
What is the thousands digit of 12498565?
8
What is the hundreds digit of 1491171?
1
What is the units digit of 820319?
9
What is the tens digit of 577833?
3
What is the units digit of 844238?
8
What is the hundred thousands digit of 32068820?
0
What is the units digit of 25148615?
5
What is the hundreds digit of 416010?
0
What is the units digit of 582342?
2
What is the hundred thousands digit of 2434288?
4
What is the hundreds digit of 1099783?
7
What is the tens digit of 10244723?
2
What is the units digit of 2408987?
7
What is the thousands digit of 418040?
8
What is the hundred thousands digit of 759179?
7
What is the hundreds digit of 168258?
2
What is the ten thousands digit of 5770825?
7
What is the ten thousands digit of 6631023?
3
What is the units digit of 1341069?
9
What is the hundreds digit of 404793?
7
What is the units digit of 26547364?
4
What is the hundred thousands digit of 750298?
7
What is the tens digit of 303636?
3
What is the units digit of 10743817?
7
What is the hundreds digit of 493759?
7
What is the ten thousands digit of 117886?
1
What is the millions digit of 6424487?
6
What is the hundreds digit of 7019888?
8
What is the tens digit of 605095?
9
What is the thousands digit of 136806?
6
What is the units digit of 1316742?
2
What is the hundred thousands digit of 343552?
3
What is the units digit of 311651?
1
What is the thousands digit of 6900380?
0
What is the hundreds digit of 1557005?
0
What is the hundred thousands digit of 6163286?
1
What is the millions digit of 9022665?
9
What is the units digit of 1500689?
9
What is the millions digit of 5419635?
5
What is the hundred thousands digit of 498306?
4
What is the units digit of 1158655?
5
What is the units digit of 5483230?
0
What is the hundred thousands digit of 189561?
1
What is the ten thousands digit of 762788?
6
What is the ten thousands digit of 466681?
6
What is the ten millions digit of 24743870?
2
What is the tens digit of 6217817?
1
What is the thousands digit of 2167499?
7
What is the tens digit of 1986460?
6
What is the hundred thousands digit of 578547?
5
What is the tens digit of 7095644?
4
What is the hundreds digit of 624163?
1
What is the thousands digit of 1109030?
9
What is the millions digit of 8510198?
8
What is the hundred thousands digit of 252351?
2
What is the tens digit of 3741724?
2
What is the ten thousands digit of 10595914?
9
What is the tens digit of 11898?
9
What is the thousands digit of 1023325?
3
What is the thousands digit of 8725898?
5
What is the thousands digit of 1672788?
2
What is the hundred thousands digit of 3484430?
4
What is the hundreds digit of 4022377?
3
What is the hundreds digit of 1409968?
9
What is the thousands digit of 10830585?
0
What is the hundreds digit of 62467?
4
What is the hundreds digit of 73224?
2
What is the tens digit of 228592?
9
What is the hundreds digit of 132966?
9
What is the ten thousands digit of 9284013?
8
What is the hundreds digit of 8309009?
0
What is the millions digit of 1466578?
1
What is the units digit of 8124678?
8
What is the millions digit of 2057920?
2
What is the hundred thousands digit of 2296030?
2
What is the units digit of 12672395?
5
What is the thousands digit of 10541895?
1
What is the tens digit of 8793318?
1
What is the millions digit of 4355854?
4
What is the ten millions digit of 12203440?
1
What is the hundreds digit of 18789415?
4
What is the ten thousands digit of 12244888?
4
What is the units digit of 51637?
7
What is the thousands digit of 1072025?
2
What is the units digit of 133774?
4
What is the hundreds digit of 1474876?
8
What is the hundreds digit of 169781?
7
What is the ten millions digit of 13666536?
1
What is the hundred thousands digit of 761756?
7
What is the units digit of 1415015?
5
What is the hundreds digit of 468876?
8
What is the hundreds digit of 1132043?
0
What is the ten thousands digit of 557576?
5
What is the millions digit of 8332346?
8
What is the tens digit of 2813770?
7
What is the tens digit of 575861?
6
What is the hundreds digit of 2121364?
3
What is the tens digit of 425384?
8
What is the units digit of 18556873?
3
What is the ten thousands digit of 18297071?
9
What is the ten thousands digit of 2279287?
7
What is the hundred thousands digit of 897390?
8
What is the tens digit of 6108796?
9
What is the hundred thousands digit of 924142?
9
What is the thousands digit of 8693683?
3
What is the units digit of 442885?
5
What is the thousands digit of 273599?
3
What is the ten thousands digit of 16151771?
5
What is the hundreds digit of 109206?
2
What is the hundred thousands digit of 600009?
6
What is the ten thousands digit of 199768?
9
What is the hundreds digit of 15761438?
4
What is the millions digit of 3418194?
3
What is the tens digit of 505972?
7
What is the thousands digit of 1000698?
0
What is the hundred thousands digit of 787959?
7
What is the hundreds digit of 3604432?
4
What is the hundreds digit of 1027964?
9
What is the thousands digit of 236205?
6
What is the hundred thousands digit of 2845688?
8
What is the hundred thousands digit of 4315326?
3
What is the units digit of 1876199?
9
What is the hundreds digit of 13841181?
1
What is the hundreds digit of 239020?
0
What is the millions digit of 7802293?
7
What is the units digit of 648743?
3
What is the units digit of 1338573?
3
What is the hundreds digit of 2874077?
0
What is the units digit of 94343?
3
What is the hundred thousands digit of 204041?
2
What is the units digit of 2006684?
4
What is the hundreds digit of 236?
2
What is the tens digit of 3321124?
2
What is the hundreds digit of 152654?
6
What is the hundreds digit of 212849?
8
What is the ten thousands digit of 20569436?
6
What is the hundred thousands digit of 510996?
5
What is the thousands digit of 24272134?
2
What is the hundred thousands digit of 1658998?
6
What is the thousands digit of 4914534?
4
What is the hundreds digit of 118050?
0
What is the hundreds digit of 775627?
6
What is the millions digit of 3328903?
3
What is the units digit of 855307?
7
What is the hundreds digit of 8306901?
9
What is the millions digit of 2072967?
2
What is the hundreds di